ive m(39).
56
Let x(m) = -6*m**3 - 32*m**2 + 99*m + 126. Determine x(4).
-374
Let u(b) = 4*b**2 + 6*b - 197. Determine u(13).
557
Let n(o) = o**3 + 19*o**2 - 4615*o + 759. Determine n(59).
-8
Let y(c) = c**2 + 42*c - 988. What is y(-56)?
-204
Let r(a) = -6*a**2 - 1407*a + 18176. Give r(13).
-1129
Let o(c) = -2006*c + 1245744. Calculate o(621).
18
Let j(y) = -603*y - 31754. What is j(-53)?
205
Let s(h) = 36*h - 151. Give s(-3).
-259
Let c(w) = 708*w - 161518. Give c(228).
-94
Let l(s) = 1988*s - 2389. What is l(2)?
1587
Let q(h) = 20*h**2 + 263*h - 2246. What is q(6)?
52
Let a(o) = 21*o**3 - 39*o**2 + 4*o + 20. Calculate a(4).
756
Let p(u) = 20*u**3 + 2979*u**2 - 158*u - 1343. Give p(-149).
-2
Let l(t) = 208*t**2 - 6469*t + 650. Determine l(31).
-1
Let t(a) = a**3 - 148*a**2 + 3701*a + 150. Determine t(32).
-202
Let l(m) = m**2 + 103*m - 41156. Determine l(160).
924
Let u(z) = 4236*z - 410893. What is u(97)?
-1
Let d(b) = b**3 - 411*b**2 + 30884*b + 241. Determine d(99).
-155
Let y(m) = 65*m**3 - 2979*m**2 - 3572*m - 7. Give y(47).
-7
Let h(a) = 3*a**2 + 512*a - 26693. Give h(48).
4795
Let c(q) = 11*q**2 + 15*q - 753. What is c(12)?
1011
Let i(h) = -65*h - 1312. What is i(-25)?
313
Let k(p) = p**2 + 2649*p - 5313. Give k(2).
-11
Let a(i) = -i**3 + 84*i**2 + 817*i - 55468. Determine a(86).
2
Let i(w) = 4*w**3 - 312*w**2 + 9*w - 265. Determine i(78).
437
Let d(m) = m**2 + 103724*m + 414887. Give d(-4).
7
Let u(m) = 106290*m - 531435. Give u(5).
15
Let x(o) = 85*o + 3256. Calculate x(-25).
1131
Let n(u) = 29*u**2 - 3195*u - 2658. Calculate n(111).
6
Let b(k) = 67*k**2 - 7307*k + 29229. Calculate b(4).
1073
Let x(m) = 1315*m + 1243982. Calculate x(-946).
-8
Let i(c) = 6*c**2 + 1000*c - 3066. Calculate i(3).
-12
Let n(s) = 2*s**3 - 114*s**2 + 1474*s - 25096. Calculate n(47).
2
Let c(f) = 668*f + 10423. What is c(-18)?
-1601
Let p(a) = 100*a**3 + 896*a**2 - 32*a + 3. Give p(-9).
-33
Let t(h) = h**3 - 168*h**2 - 20168*h - 215. What is t(249)?
34
Let j(r) = 2*r**2 + 1555*r - 33533. Give j(21).
4
Let q(f) = 32013*f + 864347. What is q(-27)?
-4
Let t(u) = u**2 + 348*u + 3611. What is t(-11)?
-96
Let y(v) = 3334*v - 103021. Calculate y(31).
333
Let l(b) = 207*b - 19324. Give l(93).
-73
Let t(q) = -11*q**2 - 1396*q - 6760. Give t(-5).
-55
Let x(b) = -b**3 + 340*b**2 + 2362*b - 20. Determine x(-7).
449
Let w(d) = -68*d - 4237. What is w(-50)?
-837
Let z(l) = 6274*l + 181949. What is z(-29)?
3
Let q(z) = -2*z**3 + 246*z**2 + 767*z - 1236. What is q(126)?
150
Let z(b) = 4*b**2 - 165*b + 8. Determine z(14).
-1518
Let k(a) = -9*a**2 - 770*a - 311. Determine k(-85).
114
Let j(w) = 4*w**2 - 675*w + 17224. Determine j(27).
1915
Let d(i) = 192*i**2 + 43*i - 146. Calculate d(4).
3098
Let z(u) = -u**3 - 650*u**2 - 12601*u - 645. Give z(-630).
-15
Let r(m) = 11*m**2 + 223*m - 8160. Determine r(19).
48
Let g(l) = -124*l**3 - 1487*l**2 - 21*l - 111. Give g(-12).
285
Let v(w) = -49135*w + 294807. Give v(6).
-3
Let m(w) = -w**3 + 30*w**2 - 159*w - 81. Give m(24).
-441
Let z(u) = -554715*u + 11094326. Give z(20).
26
Let k(i) = -i**3 - 50*i**2 + 124*i - 57. What is k(2)?
-17
Let c(j) = -4*j**3 - 987*j**2 + 2238*j - 752. Determine c(-249).
-5
Let g(a) = 127*a**2 + 10591*a - 6459. Determine g(-84).
9
Let z(c) = -c**3 + 160*c**2 - 2669*c - 3. Determine z(17).
-4049
Let y(c) = -982063*c + 8838590. What is y(9)?
23
Let r(w) = 1663*w + 933008. Determine r(-561).
65
Let x(j) = 2*j**3 + 136*j**2 - 10164*j - 274. What is x(45)?
-4
Let x(z) = -432*z - 928. Give x(-3).
368
Let j(b) = b**3 - 117*b**2 - 471*b - 1582. Determine j(121).
-9
Let z(k) = 40987*k - 1803426. What is z(44)?
2
Let o(i) = 183869*i + 1103169. What is o(-6)?
-45
Let q(n) = n**3 - 8*n**2 - 1155*n - 2270. What is q(-2)?
0
Let f(z) = 2210*z + 198907. What is f(-90)?
7
Let z(r) = -2*r**2 - 6044*r - 167672. What is z(-28)?
-8
Let h(p) = -2*p**3 + 91*p**2 - 282*p - 741. Give h(42).
-237
Let q(z) = -3*z**2 - 530*z - 20200. Determine q(-121).
7
Let a(i) = -27*i**2 - 326*i - 924. Calculate a(-5).
31
Let y(a) = -1521*a - 5934. Give y(-6).
3192
Let f(d) = 41*d**2 + 52310*d - 52313. Calculate f(1).
38
Let j(m) = 76931*m - 615467. Give j(8).
-19
Let k(x) = -x**3 + 26*x**2 - 54*x + 1799. What is k(25)?
1074
Let k(s) = -s**3 - 74*s**2 - 1279*s - 2652. Calculate k(-49).
-6
Let f(y) = 110*y**2 - 12541*y + 12507. Determine f(113).
-36
Let p(i) = -i**3 + 111*i**2 - 937*i + 1958. What is p(102)?
20
Let q(g) = -6*g**3 - 102*g**2 + 115*g + 1955. What is q(-17)?
0
Let i(c) = 17*c**3 - 35*c**2 + 12*c - 103. Determine i(4).
473
Let w(f) = f**3 + 102*f**2 - 214*f - 502. What is w(-104)?
122
Let l(b) = 3*b**2 - 587*b - 229. Calculate l(196).
-33
Let m(l) = 4*l**2 + 51263*l + 51264. Give m(-1).
5
Let v(i) = i**2 - 740*i + 45251. What is v(66)?
767
Let z(v) = 7383*v**2 + 81221*v + 1. Calculate z(-11).
-87
Let p(y) = -8*y**2 - 8215*y + 263448. Calculate p(-1058).
6
Let x(u) = 2*u**2 - 392*u - 16197. Determine x(-35).
-27
Let b(w) = 435*w + 1663. What is b(-5)?
-512
Let l(d) = 13*d**3 - 222*d**2 - 90*d + 81. What is l(18)?
2349
Let j(r) = -r**3 + 89*r**2 + 572*r - 1. Determine j(95).
189
Let p(l) = 75*l - 2287. What is p(33)?
188
Let q(r) = -68*r + 620. What is q(-16)?
1708
Let i(r) = 4713*r - 4628165. Calculate i(982).
1
Let q(a) = -19485*a - 19. What is q(0)?
-19
Let b(o) = o**3 + 55*o**2 + 281*o + 862. Give b(-50).
-688
Let b(a) = 92452*a - 1201890. What is b(13)?
-14
Let p(n) = -5550*n + 94302. Give p(17).
-48
Let r(x) = 5670*x + 4. Calculate r(0).
4
Let s(k) = 1609085*k - 9654517. Give s(6).
-7
Let m(w) = 5168*w + 3534946. Determine m(-684).
34
Let b(x) = 7380*x + 199251. Determine b(-27).
-9
Let b(p) = 21*p**2 + 185*p + 1561. Give b(-7).
1295
Let t(x) = 3439*x + 28134. What is t(-8)?
622
Let l(n) = -1778*n**2 - 3554*n + 7. What is l(-2)?
3
Let j(s) = 9*s**3 - 13*s**2 - 276*s + 536. Calculate j(2).
4
Let f(r) = -533800*r - 11209816. Give f(-21).
-16
Let u(q) = -17*q**2 - 2031*q + 1123. What is u(-120)?
43
Let s(c) = -21269*c - 85108. What is s(-4)?
-32
Let h(o) = 11*o**2 + 1212*o + 15. Determine h(0).
15
Let q(z) = -5*z**2 + 53*z - 131. Give q(7).
-5
Let p(a) = 46406*a - 139175. Give p(3).
43
Let x(z) = -z**2 + 954*z - 194373. What is x(295)?
32
Let y(p) = 288*p + 106479. Give y(-370).
-81
Let i(z) = -21*z**2 - 415*z + 119. Determine i(-20).
19
Let d(n) = -3*n**2 - 51*n + 3499. Calculate d(25).
349
Let o(s) = -29763*s - 2857247. Determine o(-96).
1
Let k(o) = 2*o**3 - 697*o**2 + 3773*o - 1131. Determine k(343).
-1131
Let p(y) = -7*y**3 + 71*y**2 - 99*y - 506. Calculate p(8).
-338
Let i(n) = 1018*n - 14176. Calculate i(14).
76
Let j(u) = -5*u**2 + 66*u + 27353. Give j(81).
-106
Let r(z) = 11569*z + 173124. Give r(-15).
-411
Let l(n) = -18880*n + 37748. Determine l(2).
-12
Let g(n) = -n**2 + 377*n - 32803. Calculate g(241).
-27
Let h(p) = 10*p**3 + 63*p**2 + 44*p - 26. Give h(-3).
139
Let r(h) = 413*h**2 + 5858*h - 20. Give r(-14).
-1084
Let k(y) = 63*y - 3191. Determine k(57).
400
Let c(x) = 1152*x - 27661. Determine c(24).
-13
Let y(n) = 31*n**2 + 1016*n - 47386. What is y(26)?
-14
Let y(l) = -87*l**2 + 585*l - 584. Give y(1).
-86
Let g(d) = d**3 - 25*d**2 + 143*d - 224. What is g(6)?
-50
Let g(l) = l**3 + 68*l**2 + 14*l - 1975. What is g(-68)?
-2927
Let n(a) = -2*a**2 - 532*a + 10795. What is n(-285)?
-35
Let l(g) = 108148*g - 13302177. What is l(123)?
27
Let k(x) = -17389*x - 991168. Give k(-57).
5
Let u(y) = -11*y**3 - 68*y**2 - 123*y - 3. Give u(-3).
51
Let x(g) = 2684*g - 85912. Determine x(32).
-24
Let c(v) = -v**2 + 1667*v + 48217. Calculate c(-29).
-967
Let y(q) = -32018*q + 2273279. Give y(71).
1
Let p(j) = 175*j - 27278. Give p(156).
22
Let l(f) = -2*f**3 - 532*f**2 + 2156*f - 1010. Calculate l(-270).
70
Let u(g) = -3*g**2 - 349*g + 185182. What is u(197)?
2
Let b(l) = -l**3 + 177*l**2 + 4*l + 1338. What is b(177)?
2046
Let m(d) = 16*d**2 + 9688*d - 123658. Give m(-618).
-58
Let o(w) = -50452*w - 31078441. Determine o(-616).
-9
Let u(q) = -3*q**3 + 96*q**2 + 1835*q - 60777. Calculate u(29).
7
Let i(h) = -572*h**2 + 2805*h - 77. Calculate i(5).
-352
Let s(u) = u**2 - 522*u - 23081. Calculate s(-41).
2
Let u(x) = -x**2 + 35541*x - 284254. Give u(8).
10
Let o(y) = y**2 + 3191*y + 836052. Give o(-288).
-12
Let n(a) = a**3 + 321*a*